{"id":1483,"date":"2023-09-11T16:08:30","date_gmt":"2023-09-11T08:08:30","guid":{"rendered":"http:\/\/cn.hanli.cc\/?post_type=product&#038;p=1483"},"modified":"2023-09-11T16:08:30","modified_gmt":"2023-09-11T08:08:30","slug":"dh1090t","status":"publish","type":"product","link":"https:\/\/cn.hanli.cc\/index.php\/product\/dh1090t\/","title":{"rendered":"DH1090T"},"content":{"rendered":"<table class=\"table\" border=\"0\" width=\"100%\" cellspacing=\"0\" cellpadding=\"0\">\n<tbody>\n<tr>\n<th>MODEL<\/th>\n<th>MOTOR<br \/>\nKW HP<\/th>\n<th>AIR DELIVERY<\/th>\n<th>MAX PRESSURE<\/th>\n<th>CYLINDER<br \/>\nMM<\/th>\n<th>SPEED<br \/>\nR.P.M<\/th>\n<th>WEIGHT<br \/>\nKG<\/th>\n<th>PACKING DIMENSION<br \/>\nMM<\/th>\n<\/tr>\n<tr>\n<td>YF1090T-AL<\/td>\n<td>3KW(4HP)<\/td>\n<td>395L\/min<\/td>\n<td>12 Bar<\/td>\n<td>\u00f890\u00d71&amp;\u00f855\u00d71<\/td>\n<td>980<\/td>\n<td>30kgs<\/td>\n<td>450\u00d7430\u00d7410<\/td>\n<\/tr>\n<\/tbody>\n<\/table>\n","protected":false},"excerpt":{"rendered":"<p>MODEL MOTOR KW HP AI &#8230; <\/p>\n","protected":false},"featured_media":937,"comment_status":"open","ping_status":"closed","template":"","meta":[],"product_cat":[87],"product_tag":[],"class_list":["post-1483","product","type-product","status-publish","has-post-thumbnail","hentry","product_cat-air-compressor-pump-head"],"lang":"zh","translations":{"zh":1483,"en":936},"pll_sync_post":[],"_links":{"self":[{"href":"https:\/\/cn.hanli.cc\/index.php\/wp-json\/wp\/v2\/product\/1483","targetHints":{"allow":["GET"]}}],"collection":[{"href":"https:\/\/cn.hanli.cc\/index.php\/wp-json\/wp\/v2\/product"}],"about":[{"href":"https:\/\/cn.hanli.cc\/index.php\/wp-json\/wp\/v2\/types\/product"}],"replies":[{"embeddable":true,"href":"https:\/\/cn.hanli.cc\/index.php\/wp-json\/wp\/v2\/comments?post=1483"}],"wp:featuredmedia":[{"embeddable":true,"href":"https:\/\/cn.hanli.cc\/index.php\/wp-json\/wp\/v2\/media\/937"}],"wp:attachment":[{"href":"https:\/\/cn.hanli.cc\/index.php\/wp-json\/wp\/v2\/media?parent=1483"}],"wp:term":[{"taxonomy":"product_cat","embeddable":true,"href":"https:\/\/cn.hanli.cc\/index.php\/wp-json\/wp\/v2\/product_cat?post=1483"},{"taxonomy":"product_tag","embeddable":true,"href":"https:\/\/cn.hanli.cc\/index.php\/wp-json\/wp\/v2\/product_tag?post=1483"}],"curies":[{"name":"wp","href":"https:\/\/api.w.org\/{rel}","templated":true}]}}